) = -f**2 + f. Let k(z) = -2*z**3 - 4*z**2 - 12*z + 2. Let d(g) = k(g) + 3*m(g). Is d(-9) prime?
False
Suppose -2*a = -7*a + 120. Let p = -18 + a. Suppose -3*x = 5*o - 895, 4*x + p*o - 1200 = o. Is x a composite number?
True
Suppose -a = -24962 + 10483. Is a composite?
False
Let t = -52242 + 74219. Is t a composite number?
False
Let c(n) = 545*n**2 + 4. Let p be c(2). Suppose 0 = -4*m + 2*j + 420 + p, 4*m - 2616 = 5*j. Is m a prime number?
False
Let c(p) be the second derivative of -p**5/5 - p**4/12 - p**3/6 + 7*p**2/2 + 3*p. Is c(-5) composite?
False
Let h(j) = 98*j**3 + 10*j - 6. Let v be h(5). Is (v/36)/(1/2) a composite number?
False
Suppose 0 = -4*t + 12, 2*t = 2*g - 3770 - 2030. Is g composite?
False
Suppose -5*c + 12*c - 53347 = 0. Is c a prime number?
True
Suppose 4*x + 7 = 5*c - 23, 0 = -3*c - 2*x + 18. Let l(h) = 127*h - 1. Is l(c) a composite number?
False
Let x = -575 + 898. Suppose x = b - 2*s, -3*s - 969 = -3*b + s. Is b a prime number?
False
Is -6 + (-7239*7)/(-7) prime?
False
Let n = -1047 + 1620. Suppose 1156 = 2*h - 5*y, h - 2*y - n = 3*y. Is h composite?
True
Let v(w) = w**2 + w + 4. Let q be v(-2). Suppose -4*c = -5*k - 5*c + q, 5*c + 30 = 5*k. Suppose k*z = -144 + 374. Is z a prime number?
False
Let m = 33 + -34. Is m/(-3) - 1144/(-6) a prime number?
True
Suppose n = -4*q + 25297, -21*n + 25297 = -20*n + 3*q. Is n a prime number?
False
Let q(j) = -4*j**3 - 2*j**2 + j - 1. Let t be q(-2). Is 1358/t*(-78)/(-4) composite?
True
Suppose 5*t + 14 = 3*n - 21, 0 = -3*n + 4*t + 37. Let d(c) = 64*c + 37. Is d(n) composite?
False
Let c(x) be the first derivative of 4 + 1/2*x**2 + 199*x. Is c(0) composite?
False
Let r(v) = 101*v**2 + v - 4. Let k be -6 - (-4*2 + 4). Let i be r(k). Suppose 4*d - 311 = -5*o, -d - 4*d + 3*o + i = 0. Is d a composite number?
False
Let v = -10740 + 7664. Is (-6)/(-15) - (v/10 - -1) a composite number?
False
Suppose 2*z - 3*g - 73031 + 26538 = 0, 0 = g + 5. Is z composite?
True
Suppose -p + 3*a + 0*a = -7, -5*p = -4*a - 24. Suppose 1115 = p*f - 33. Is f a composite number?
True
Suppose -6987 + 2723 = -4*l + 4*k, 4*l + 3*k - 4271 = 0. Is l composite?
True
Let r(w) = 1172*w - 319. Is r(34) a prime number?
False
Suppose -8683 - 321182 = -15*p. Is p a prime number?
True
Let w(k) = 2952*k + 19. Is w(2) a composite number?
False
Suppose 53*k - 88*k = -35385. Is k composite?
True
Suppose 0 = -3*r + 6*r. Let b(m) = m**3 - m**2 + m - 3. Let v be b(r). Is (1/v)/(3/(-1665)) composite?
True
Suppose 3*j = m + 4418, -3*j = -0*m - 3*m - 4428. Is j composite?
False
Suppose 0 = 3*l + 2*h - 3608 - 11829, 4*l = 4*h + 20596. Is l a prime number?
True
Let s(q) = -2*q. Let c be (-20)/16 - (-2)/8. Let u be s(c). Suppose 0*r = -u*r + 518. Is r composite?
True
Suppose 4*i - 4*y - 32064 = 0, -4*i + 32043 = y + 2*y. Is i prime?
False
Let m(r) = 71*r**2 - 3*r + 6. Suppose 2*z = 5*j + 5, -4*j + 8*j = -5*z + 29. Is m(z) a composite number?
True
Let h(d) = -4*d**2 + 243*d - 24. Is h(29) composite?
False
Suppose -2384 = 6*t - 28244. Is (-2)/4 - t/(-4) composite?
True
Suppose p - 3 = -3*v + 3, -2*p + v + 5 = 0. Let r be (-1*p)/(-8 - -7). Suppose t + 345 = 2*n + r*n, -3*n = -4*t - 207. Is n a prime number?
False
Let g(p) be the third derivative of p**8/6720 - p**7/1260 + p**5/30 - 3*p**4/8 + 6*p**2. Let l(d) be the second derivative of g(d). Is l(5) a prime number?
True
Let c be 1*(3 - 2*-3). Suppose 3*l = 6*l - c. Is 39/(3/1)*l a prime number?
False
Suppose -q - 5 = 0, b + 2*b = -4*q + 1096. Let m = 521 - b. Is m composite?
False
Let g(u) = 3*u - 6. Suppose -4*c + 3*s = 6*s, 5*c = 2*s + 23. Let f be g(c). Suppose -3*j + 386 = -4*w, w + 118 = j - f*w. Is j prime?
False
Suppose -33562 = 757*v - 759*v. Is v a prime number?
False
Suppose z = 5*b + 2779, 3*b + 11101 = 4*z - 2*b. Let l = z + 1515. Is l composite?
False
Suppose 6*s = 28063 + 2183. Is s a prime number?
False
Let b(r) = -r**3 - 5*r**2 + 6*r + 5. Let o be b(-6). Let y(j) = -311*j + 11. Let f be y(-4). Suppose 0*x - o*x + f = 0. Is x prime?
True
Let k(i) = -i**2 + 16*i - 8. Let q be k(15). Suppose 0 = -q*t + 530 + 23. Is t prime?
True
Is 18/(-63) + 59229/7 a prime number?
True
Let h(g) = -g**2 - 18*g + 10. Let z be h(-12). Let m = z - -1425. Is m prime?
False
Suppose 2*t - 13471 = w, -4*t - 5*w + 26957 = -2*w. Is t a composite number?
False
Suppose -2*i = -347 + 75. Let k = i + -65. Is k a prime number?
True
Is 6/54*-6 - (-91124)/3 a composite number?
True
Let q be (-40)/5*18/(-8). Let l = -18 + q. Suppose 37*c - 34*c - 159 = l. Is c a prime number?
True
Let z = 160 - 95. Is z composite?
True
Let a be (-4 - -1)/((-6)/20). Let o(h) be the second derivative of 5*h**4/12 - 4*h**3/3 - 7*h**2/2 - h + 241. Is o(a) composite?
True
Let z(h) = 192*h + 73. Is z(9) a composite number?
False
Let b be (-3 + (-40)/(-12))*-33. Let o = b + 13. Is (-1)/((o/2)/(-83)) a prime number?
True
Is (8380/80)/((-3)/(-12)) composite?
False
Let h = 11 - 18. Let l(u) = -22*u - 9. Is l(h) a composite number?
True
Let t = 10 + -5. Let a be 2/t - 44/10. Is (200 - -1 - a)*1 a prime number?
False
Let o(a) = -191*a - 30. Let p be o(-8). Let c = 2739 - p. Is c prime?
False
Let h be (9/(-6))/(2/12). Let c be 4/10 + h/(-15). Is 6/c + -2 + 129 a prime number?
False
Suppose 6*r + 15*r = 101703. Is r composite?
True
Suppose -10*g + 12*g + 5*t - 20 = 0, 0 = -5*g - 5*t + 20. Suppose 2*z + 3*h = -2*h + 190, 5*z - 456 = -3*h. Suppose 2*q - 8 - z = g. Is q composite?
True
Suppose 91*t = 79*t + 15588. Is t prime?
False
Let c(z) = -z - 1. Let p be c(4). Let i(j) = -3*j**3 - j**2 - 3*j - 18. Is i(p) a prime number?
True
Let f be 4*5/30 - 13/(-3). Suppose a = 4*r - 1326, -3*r = f*a - 7*a - 997. Is r composite?
False
Let z be -1*((-5)/(-5) + 0). Let c be (1587/(-92))/(z/(-8)). Let q = c - -269. Is q a prime number?
True
Let l be (18 + 8)/(2*-1). Let s(n) = -15*n + 10. Let v be s(l). Let m = v - 78. Is m a prime number?
True
Suppose -33 + 61 = -7*s. Let x(j) = -27*j + 19. Is x(s) a prime number?
True
Suppose -2*k - 423 = 4*d - 1175, -4*d - 4*k + 756 = 0. Is d a composite number?
True
Suppose -2*p + 5*p = -5*z + 1724, 3*p + 4*z - 1720 = 0. Suppose -4*v + p + 1348 = 0. Is v a prime number?
True
Suppose 130*b - 123*b - 31073 = 0. Is b a prime number?
False
Let l be -485 + 1/(1*3/6). Let x = l + 1544. Is x a composite number?
False
Suppose 10*m - 6*m = 0. Suppose -3*l - 5*l + 6632 = m. Is l composite?
False
Suppose 6*w - 2*w = -u + 49806, -49798 = -4*w + 3*u. Is w composite?
False
Let u(j) = -j**3 + 1253. Suppose -3*i + 0*i = -2*i. Is u(i) a composite number?
True
Let k(g) = g + 17. Let u be k(10). Suppose 2*i + 4*w = 10, w = -4*i + u - 7. Suppose 1940 = x + 3*x - 2*y, i*y - 20 = 0. Is x prime?
True
Let y(h) = -9814*h + 217. Is y(-4) a prime number?
False
Let q = -6 - -5. Let c be 4 + (q - -3) + 0. Let l(w) = 25*w - 5. Is l(c) a composite number?
True
Let n(x) = 54*x - 4 - 53*x + 193*x - 15. Is n(17) a composite number?
True
Let z(o) = -3 + 19*o**2 + 0*o**2 + 2*o + 2*o**2. Suppose -10*g + 20 = -5*g. Is z(g) composite?
True
Is (-90232)/(-10) + 9/(-45) a composite number?
True
Let a = -24 + 30. Is (a - 3)/((-6)/(-826)) a composite number?
True
Let c(g) = -g**3 - 2*g - g - 2 + 4 - 216*g**2 - 6*g + 211*g**2. Let h be (-1 - (-8)/(-6))*3. Is c(h) a prime number?
True
Suppose -3*s - 2*p + 1522 = -472, -2*p = -8. Suppose 0 = 7*r - s - 759. Is r prime?
False
Let d(u) = -2*u**2 + 29*u - 29. Let q(g) = -g**2 - g. Let z(o) = d(o) - 4*q(o). Is z(-24) a prime number?
True
Let j(b) = -7*b**2 - 37*b - 19. Let i(r) = -10*r**2 - 55*r - 29. Let u(d) = 5*i(d) - 7*j(d). Suppose -7*l - 338 + 233 = 0. Is u(l) prime?
True
Let s be (-1 - 1)/((-8)/12). Suppose 1349 = s*m - 214. Is m a prime number?
True
Is (-44 - -40)*170732/(-16) prime?
True
Let s(i) = 12703*i - 22. Is s(3) prime?
False
Let s(a) = -4*a - 26. Let x be s(-5). Let b(w) = 14*w**2 + 4*w + 7. Is b(x) a prime number?
True
Suppose -7*c + 3*c = -3*t - 10920, -c + 2*t + 2725 = 0. Is c*1*9/27 composite?
False
Suppose 4*v = -v + 20, 8 = a + 2*v. Suppose a = -15*b + 7*b + 13256. Is b composite?
False
Let t = -14480 - -41937. Is t prime?
True
Let y be (1 - -1)*470/(-5). Let t = y - -297. Is t a composite number?
False
Suppose 0 = 6*w + 7*w - 26. Suppose -328 = w*q - 4902. Is q a composite number?
False
Sup